*k - 5*k**2 - k**3 + k**2 - k**b. Let f be z(-4). Let v(m) = -m**2 + 6*m - 6. Determine v(f).
2
Let f be 6/18 + (-30)/9. Let r(i) be the first derivative of i**3 - 3*i - 4. What is r(f)?
24
Let b(y) = -y**2 + 5. Let t = -4 + 4. Let m be b(t). Suppose 8*h + 6 = m*h. Let o(f) = -2*f + 1. Determine o(h).
5
Let d = 13 - 37. Let s be (d/(-32))/((-2)/(-16)). Let j(g) = 1. Let k(i) = -2*i + 9. Let a(y) = -4*j(y) + k(y). What is a(s)?
-7
Let q(r) = 30*r + 40. Let l(b) = 19*b + 26. Let w(z) = 8*l(z) - 5*q(z). What is w(-13)?
-18
Let x(n) = -4*n**3 - 2. Let w(r) = -11*r**3 - r**2 + 2*r - 5. Let b(o) = -3*w(o) + 8*x(o). Let l = -2 + -3. Let p be 1/(-2)*-2 + l. Calculate b(p).
7
Let i(q) = -q**3 - 7*q**2 + 4*q**2 - 2 + 2*q**2. Suppose -7*y + 90 = -225. Let r = -47 + y. Give i(r).
2
Let f(t) = t**2 + 6*t - 9. Let x(r) = -3 + r**3 - 3 - 11*r - 10*r**2 + 13. Let u be x(11). Let l = u - 14. Give f(l).
-2
Let l be 8/28 - (-57)/21. Let k = 3 + l. Let g(f) = f**2 - 7 + 0 + 2 + k. Give g(-2).
5
Let d(b) = -2*b**2 + b - 1. Let l(o) = o**3 - 14*o**2 + 4*o - 3. Let j(f) = 5*d(f) - l(f). Let u(q) = q**2. Let z be u(2). What is j(z)?
2
Let g(b) = -b + 4. Let z be g(0). Let s be (1/1)/(3/9). Let n(r) = -3 + r**s - 9*r - 4*r**2 + 15*r - 7*r. What is n(z)?
-7
Let y(c) be the first derivative of c**6/120 - 7*c**5/60 + 7*c**4/24 + 9*c**2/2 + 18. Let p(w) be the second derivative of y(w). Determine p(6).
6
Let t = 1 + 2. Suppose -17 = -l - 15. Let j(q) = -4*q**2 + 0 + 2 + q + 2*q**2 + q**l. Determine j(t).
-4
Let q(d) = -d**3 - 29*d**2 - 167*d + 8. Let h be q(-8). Let s(v) = 2*v**2 + 5*v - 6. Let t(a) = a**2 + 2*a - 3. Let p(u) = 2*s(u) - 5*t(u). What is p(h)?
3
Let u = 244 + -485/2. Let s(t) be the first derivative of 5*t + 9 - u*t**2. What is s(6)?
-13
Suppose 0 = -2*d + 4*j + 42, -5*j = -d + 3*d - 60. Suppose n + 2*c - 7 = -2, 5*n - 5*c = d. Let q(z) be the first derivative of -z**2/2 - z + 54. Give q(n).
-6
Let o(d) = 9 + 21*d**2 + 19*d**2 + d + 19*d**2 - 2*d**3 - 58*d**2 - 10. Determine o(1).
-1
Let l(m) = -m**2 + 13*m + 19. Suppose -29 - 18 = -4*g + 3*u, 3*u + 5 = g. What is l(g)?
5
Let d(v) = -v + 8. Let t be 9 - 4 - (-54)/6. Suppose -56 = -6*l - t. Calculate d(l).
1
Suppose -1 = -2*k + 5. Let z(w) = 0*w + 0*w + 2*w - k + 4*w. Let i(p) = p**3 - 37*p + 8. Let d be i(6). Calculate z(d).
9
Let v be 234/21 + 6/7. Let f(c) = -2*c - 1. What is f(v)?
-25
Let m(v) = 7*v - 8. Let l(r) = r**3 - 6*r**2 + 8*r - 8. Let n be l(5). Let w(s) = 0*s - 9 + 5*s + 3*s. Let b(t) = n*m(t) - 6*w(t). Give b(-2).
-4
Let b(u) be the second derivative of -u**3/6 - u**2 + 65*u. What is b(-4)?
2
Let s(j) = -190*j**2 - 7*j + 4 + 373*j**2 - 184*j**2. What is s(-7)?
4
Let z(q) = -q**2 - q - 3. Suppose 2*i = 8 - 2. Let o be z(i). Let f be 3*-1 - (-25 - o). Let d(v) = v**3 - 8*v**2 + 6*v + 2. Calculate d(f).
-5
Let h be 4/(-18) + (-908)/(-36). Suppose -6*t = -11*t + h. Let f(j) = -3 + t - 4*j + 2. Determine f(3).
-8
Let l = -26 + 25. Let d(k) be the second derivative of 7*k**3/3 + 32*k. Give d(l).
-14
Let y(o) = -o + 5. Suppose 2*m = -3*v + 24, v + 4*m = 3*v. Let u(j) = -j + 6. Let t(f) = v*y(f) - 5*u(f). Calculate t(4).
-4
Let u be 3*1 - 6*6/18. Let t(g) = -g**3 + g. Let b = -6 + 2. Let s(o) = -5*o**3 - 4*o**2 + 7*o. Let x(j) = b*t(j) + u*s(j). Give x(-5).
10
Let p(z) = 2*z - 6. Let t = -7 - -12. Let i be p(t). Let v(c) = 3*c**3 + 2*c - 4 - 4*c**2 - c + 2*c**3 - 4*c**3. Give v(i).
0
Let v(k) = -k**3 - k. Suppose 14*x + 42 = 70. What is v(x)?
-10
Suppose z + m - 5 = 0, -z = -4*m + 8 - 38. Let u(t) = -t**2 + 12*t - 9. Calculate u(z).
11
Let q(d) = 162*d + 154*d - 61 - 308*d. What is q(7)?
-5
Suppose 2*z + 3*n + 41 = 0, n + 3 = 2. Let y = z + 10. Let j(h) = h + 9. Let b be j(y). Let o(i) = -i - 3. Calculate o(b).
-3
Let r(p) = -p**2 - 13*p - 16. Let w = 395 + -406. Give r(w).
6
Let n be (-2*1)/((-7)/91). Suppose -4*t + a - n = 0, 5*a = 2*t + 8 + 14. Let y(b) = -5*b + 0 + 0 + b**2 - 7 + 11*b. Calculate y(t).
-7
Suppose 0 = -u - 10 + 4. Let t = -4 - -9. Let a(v) = -t - v + 3 - 10 + 0. Calculate a(u).
-6
Let d(t) = t**3 + 9*t**2 - t - 10. Let k(j) be the third derivative of j**6/120 - 13*j**5/60 + j**4/2 - 3*j**3/2 - 11*j**2. Let p be k(12). Give d(p).
-1
Let b(j) = -1 + 5 - 1. Let s(h) = h - 8. Let l(g) = -7*b(g) - 2*s(g). Determine l(-5).
5
Suppose 100 = 13*n - 8*n. Let b be (-4)/(n/15) + 5. Let d(f) = 6*f**2 - 2*f + 1 - 11*f**3 - 4*f**2 + b*f**3. Give d(1).
-8
Let l(k) be the third derivative of 1/6*k**3 + 2*k**2 - 1/6*k**4 + 0*k + 0. Give l(4).
-15
Let v(m) = 5*m**2 - 36*m + 71. Let d(k) = -2*k**2 + 18*k - 31. Let j(o) = 7*d(o) + 3*v(o). What is j(-14)?
-60
Let o(c) = -2*c**3 - 20*c**2 + 2*c + 7. Let j be o(-10). Let l = j - -10. Let d(t) = -t**2 - 2*t - 3. Determine d(l).
-6
Let g(h) be the second derivative of h**4/12 - h**3/3 - 2*h**2 + h. Let u = 2223 - 2219. What is g(u)?
4
Suppose 3*u - 12 = 0, 8 = -4*s + 6*u - 10*u. Let o(f) = -7 - 5*f**3 + 4*f**3 - 6*f**2 - 5*f + 6*f. Give o(s).
-13
Let i(k) be the second derivative of 0 + 7/2*k**2 + 0*k**3 - 85*k + 1/12*k**4 - 1/20*k**5. Let h be (-1)/(-4) + 2/(-8). Give i(h).
7
Suppose -d + 3*o = 16, o = -2*d + 2*o - 12. Let z(g) = g**3 + 5*g**2 + 5*g - 1. Calculate z(d).
-5
Suppose -3*k + 5*k + 4 = 0. Let g(q) = q**3 + 3*q**2 - 6*q - 5. Let a be g(-4). Let j(t) = -20*t**3 + 56*t**3 - 18*t**a - 19*t**3. Calculate j(k).
8
Let o be 22 - 1/(-2)*(-3 + 3). Suppose 4*c + 2*d = d + 25, 0 = -4*c - 2*d + o. Let t(u) = u**3 - 6*u**2 - 10*u - 2. Calculate t(c).
-23
Let r(x) = 7*x**3 - 10*x**2 - 4*x + 6. Let i(t) = -t**3 + 2*t**2 + t - 1. Let d(y) = -6*i(y) - r(y). Calculate d(-2).
4
Let w(f) be the third derivative of f**7/1260 - f**6/720 + 17*f**4/24 - 20*f**2. Let d(c) be the second derivative of w(c). Calculate d(1).
1
Let z(v) = 2*v**2 + 6*v - 108. Let g be z(-9). Let b(w) be the second derivative of g + 4*w - 1/3*w**3 + 7/2*w**2. Calculate b(5).
-3
Let l(m) be the first derivative of m**3/3 + 11*m**2/2 - m - 181. Give l(-11).
-1
Let x(w) = -w + 10. Suppose -i = 2*p - 5, 2*p - 3*p = i - 1. Let n be i/2 + (-104)/(-16). Calculate x(n).
5
Let w = -190 - -192. Let g(v) be the second derivative of v**3/6 + 3*v**2/2 + 44*v. Determine g(w).
5
Let y = 30 - 26. Suppose -33 = -6*p + 3*p + y*f, 5*p + 3*f = 26. Let q(c) = c**3 - 7*c**2 - 10. Determine q(p).
-10
Suppose -5*v - 4*t + 22 = 0, -v - 4*v = -3*t - 1. Suppose 0 = 66*i - 65*i - v. Let f(n) = -2*n**3 + n**2 + 1. What is f(i)?
-11
Let n(c) = 0 + 18 - 31 + c. Give n(10).
-3
Let d be (24/(-10))/(14/(-35)). Let t be d/((0 + -1)/1). Let v(r) = r**3 + 5*r**2 - 12*r - 7. Let f(b) = -b. Let n(j) = 4*f(j) - v(j). Calculate n(t).
-5
Let w be -2 + 8/32 + (-55)/(-4). Let q be 4/(-16) - 21/w. Let m(l) = 4*l**2 + 2*l - 1. Give m(q).
11
Suppose 0 = -3*r + 5*i + 9, -2*r = i - 4 - 2. Suppose 11 + 13 = r*n. Let z(j) = j - 6. Calculate z(n).
2
Let p(k) = k + 1. Let l(r) = 15*r**2 + r + 3. Let n(o) = -l(o) + p(o). Let y(w) = -22*w**2 - 3. Let j(t) = 7*n(t) - 5*y(t). What is j(1)?
6
Let n(g) = -4*g**2 + 18*g + 6 + 3 + 3. Let c(j) = j**2 - 6*j - 4. Let s(q) = -7*c(q) - 2*n(q). What is s(-5)?
-1
Let p(r) = r. Let m(h) = 2*h + 1. Let g(y) = -m(y) + p(y). Determine g(-7).
6
Let j(c) be the first derivative of -4*c**3 + c + 70. What is j(-1)?
-11
Let h be (-1)/((-3)/(-9)) - -4. Let z(r) = 6 - r**2 - 5 - r - 3*r**2. Determine z(h).
-4
Suppose r + 3 + 0 = 0. Let i = 8 + -6. Let u(x) = 0*x**2 + x**2 - 4*x**2 - 4*x + x**i - 2. Determine u(r).
-8
Let i(s) = 3*s - 25*s**3 + 11*s**3 - s**2 + 12*s**3 - s**2 - 1. What is i(-3)?
26
Let a(g) = -2*g - 7. Suppose -4*z = -w - 7*z - 2, z = -2*w - 9. Let k be a(w). Let q(p) = 2*p**3 - 4*p**2 - k*p**3 + p + 5*p. Determine q(-5).
-5
Suppose -355 = 5*q + 5*z, -4*q + 0*z - 3*z - 289 = 0. Let k = 71 + q. Let f(j) = -j**3 - 4*j**2 + 4*j - 7. Determine f(k).
-2
Let l(d) = -d**3 + 14*d**2 - 13*d - 11. Suppose 29*k - 78 = 23*k. Give l(k).
-11
Let r = 5 + -3. Let s = r + 0. Let w(t) = 2*t + 6 + 4 - 6*t + 4*t**2 - 7. Determine w(s).
11
Let n(f) = f**3 + 10*f**2 + f + 10. Let v be n(-10). Let k(q) be the second derivative of -1/12*q**4 + 7*q - 1/6*q**3 + 7/2*q**2 + 0. What is k(v)?
7
Let w(k) = -3*k**2 - 33*k + 5. Let p be w(-11). Let u(n) = -n**2 + 5*n + 7. What is u(p)?
7
Suppose 0 = 4*b + 3*a + 27, 0 = 3*b + 5*a + 2